{"id":29,"date":"2024-11-18T14:23:41","date_gmt":"2024-11-18T17:23:41","guid":{"rendered":"https:\/\/inforseg.com.br\/inforseg\/home\/"},"modified":"2024-11-20T23:08:21","modified_gmt":"2024-11-21T02:08:21","slug":"home","status":"publish","type":"page","link":"https:\/\/inforseg.com.br\/inforseg\/","title":{"rendered":"Home"},"content":{"rendered":"\n\n\n\n<h6>Quem Somos<\/h6>\n\n<h3>Tecnologia e Inova\u00e7\u00e3o para&nbsp; Seguran\u00e7a<\/h3>\n\n<p>A <strong>InforSeg<\/strong> \u00e9 uma empresa que atual no mercado de seguran\u00e7a desde 2006.<br>Especializada em desenvolver solu\u00e7\u00f5es tecnol\u00f3gicas para seguran\u00e7a.<br>Combinamos projetos personalizados, produtos de alta performance e servi\u00e7os completos para atender \u00e0s demandas de monitoramento urbano e prote\u00e7\u00e3o.<br>Nossas c\u00e2meras e softwares com Intelig\u00eancia Artificial realizam leitura de placas, reconhecimento facial e identifica\u00e7\u00e3o de pessoas, trazendo agilidade e precis\u00e3o para os processos de seguran\u00e7a. Trabalhamos para fortalecer a atua\u00e7\u00e3o de agentes e \u00f3rg\u00e3os de seguran\u00e7a com ferramentas modernas e eficazes.<\/p>\n\n\n\n\n\n<p>Lorem Ipsum has been the industry&#8217;s standard dummy text ever since the 1500s.<\/p>\n\n\n\n\n\n\n<p style=\"text-align: justify;\">Leitura de Placa Veicular<\/p><p style=\"text-align: justify;\">Cameras de Contexto<\/p><p style=\"text-align: justify;\">Camera com IA detec\u00e7\u00e3o rosto, pessoa, veiculos<\/p>\n\n\n\n\n<p style=\"text-align: justify;\">Com Secretarias de Seguran\u00e7a,<\/p><p style=\"text-align: justify;\">Guardas Municipais<\/p><p style=\"text-align: justify;\">Policia Militar&nbsp;<\/p>\n\n\n\n\n<p [object NamedNodeMap]>Monitoramento por imagem e alarme\u00a0<\/p>\n\n\n\n\n\n\n<h6>EXPLORE NOSSOS SERVI\u00c7OS<\/h6>\n\n\n<h3>Nossos Servi\u00e7os<\/h3>\n\n\n<p>Prestamos suporte e projeto a muncipios para edital de <br>projetos com LPR cercamento virtual.<br>Monitoramento por cameras e alarmes<br>de colegios, Org\u00e3os Publicos e Empresa<\/p>\n\n\n\n\n<p>Entre em contato<br>Prestamos suporte ao seu Projeto <\/p>\n\n\n\n\n<p>Software e cameras com IA, fazendo a analise das imagens, <br>com identifica\u00e7\u00e3o de pessoas, veiculos, atitude suspeitas.<\/p>\n\n\n\n\n\n\n<p>Produtos e servi\u00e7os inovadores<br> <\/p>\n\n\n\n\n<p>Software que potencializam as for\u00e7as de seguran\u00e7a<\/p>\n\n\n\n\n\n\n\n\n\n\n<p>Lorem Ipsum has been the industry&#8217;s standard dummy text ever since the 1500s.<\/p>\n\n\n\n\n<p>Lorem Ipsum has been the industry&#8217;s standard dummy text ever since the 1500s.<\/p>\n\n\n\n\n\n\n<p>Lorem Ipsum has been the industry&#8217;s standard dummy text ever since the 1500s.<\/p>\n\n\n\n\n<p>Lorem Ipsum has been the industry&#8217;s standard dummy text ever since the 1500s.<\/p>\n\n\n\n\n\n\n<p><\/p>\n","protected":false},"excerpt":{"rendered":"","protected":false},"author":1,"featured_media":0,"parent":0,"menu_order":0,"comment_status":"closed","ping_status":"closed","template":"","meta":{"_siteseo_robots_primary_cat":"","pagelayer_contact_templates":[],"_pagelayer_content":"","_joinchat":[],"footnotes":""},"class_list":["post-29","page","type-page","status-publish","hentry"],"_links":{"self":[{"href":"https:\/\/inforseg.com.br\/inforseg\/wp-json\/wp\/v2\/pages\/29","targetHints":{"allow":["GET"]}}],"collection":[{"href":"https:\/\/inforseg.com.br\/inforseg\/wp-json\/wp\/v2\/pages"}],"about":[{"href":"https:\/\/inforseg.com.br\/inforseg\/wp-json\/wp\/v2\/types\/page"}],"author":[{"embeddable":true,"href":"https:\/\/inforseg.com.br\/inforseg\/wp-json\/wp\/v2\/users\/1"}],"replies":[{"embeddable":true,"href":"https:\/\/inforseg.com.br\/inforseg\/wp-json\/wp\/v2\/comments?post=29"}],"version-history":[{"count":50,"href":"https:\/\/inforseg.com.br\/inforseg\/wp-json\/wp\/v2\/pages\/29\/revisions"}],"predecessor-version":[{"id":164,"href":"https:\/\/inforseg.com.br\/inforseg\/wp-json\/wp\/v2\/pages\/29\/revisions\/164"}],"wp:attachment":[{"href":"https:\/\/inforseg.com.br\/inforseg\/wp-json\/wp\/v2\/media?parent=29"}],"curies":[{"name":"wp","href":"https:\/\/api.w.org\/{rel}","templated":true}]}}